.
14
What is the highest common divisor of 205 and 5?
5
What is the highest common divisor of 464 and 754?
58
Calculate the highest common factor of 36 and 198.
18
Calculate the highest common divisor of 48 and 1792.
16
Calculate the highest common factor of 368 and 32.
16
What is the greatest common factor of 357 and 273?
21
Calculate the greatest common divisor of 231 and 336.
21
What is the greatest common factor of 750 and 6?
6
Calculate the greatest common factor of 12 and 2136.
12
What is the highest common divisor of 20 and 6500?
20
What is the highest common factor of 35 and 10?
5
What is the greatest common divisor of 399 and 19?
19
Calculate the highest common factor of 451 and 11.
11
Calculate the highest common divisor of 324 and 60.
12
What is the greatest common factor of 56 and 1256?
8
Calculate the highest common factor of 38 and 190.
38
What is the highest common divisor of 11 and 17?
1
Calculate the greatest common divisor of 4961 and 205.
41
Calculate the greatest common factor of 5616 and 832.
208
Calculate the greatest common factor of 8 and 172.
4
Calculate the highest common factor of 252 and 364.
28
What is the greatest common divisor of 29 and 3?
1
What is the highest common divisor of 48 and 4536?
24
What is the greatest common factor of 620 and 860?
20
What is the greatest common factor of 4284 and 14?
14
Calculate the greatest common factor of 4480 and 60.
20
Calculate the greatest common factor of 8280 and 20.
20
What is the highest common factor of 103 and 1?
1
Calculate the highest common factor of 722 and 68951.
361
Calculate the greatest common divisor of 55 and 77.
11
What is the highest common divisor of 5 and 31?
1
Calculate the greatest common factor of 1130 and 10.
10
What is the greatest common factor of 159 and 424?
53
Calculate the greatest common divisor of 18 and 351.
9
What is the greatest common factor of 324 and 405?
81
Calculate the highest common divisor of 12 and 388.
4
What is the highest common factor of 1 and 4397?
1
What is the greatest common factor of 455 and 70?
35
Calculate the highest common divisor of 154 and 550.
22
What is the greatest common divisor of 4216 and 408?
136
Calculate the greatest common factor of 400 and 1520.
80
Calculate the highest common divisor of 280 and 875.
35
Calculate the greatest common divisor of 1008 and 688.
16
Calculate the highest common divisor of 4 and 608.
4
Calculate the highest common factor of 250 and 90.
10
What is the highest common factor of 231 and 165?
33
Calculate the highest common divisor of 597 and 3383.
199
What is the greatest common divisor of 108 and 243?
27
What is the greatest common divisor of 2 and 590?
2
What is the highest common divisor of 35 and 49?
7
Calculate the greatest common divisor of 46 and 2.
2
What is the highest common factor of 308 and 88?
44
Calculate the greatest common factor of 531 and 944.
59
Calculate the greatest common divisor of 54 and 1341.
9
What is the greatest common factor of 208 and 468?
52
What is the highest common divisor of 8 and 2820?
4
What is the greatest common divisor of 555 and 333?
111
What is the highest common factor of 225 and 405?
45
What is the greatest common divisor of 1036 and 28?
28
What is the greatest common factor of 67 and 1273?
67
What is the greatest common divisor of 261 and 2175?
87
Calculate the greatest common factor of 2667 and 63.
21
Calculate the highest common divisor of 330 and 1110.
30
Calculate the highest common divisor of 60 and 1050.
30
Calculate the greatest common divisor of 3494 and 4.
2
What is the highest common factor of 1557 and 692?
173
Calculate the highest common divisor of 4240 and 80.
80
Calculate the highest common divisor of 98 and 9898.
98
What is the highest common factor of 219 and 1679?
73
What is the highest common divisor of 234 and 144?
18
What is the greatest common factor of 2 and 271?
1
What is the greatest common divisor of 267 and 3293?
89
What is the highest common divisor of 1116 and 13671?
279
What is the highest common factor of 94 and 4747?
47
Calculate the highest common factor of 19154 and 628.
314
Calculate the highest common divisor of 451 and 583.
11
What is the highest common factor of 56 and 872?
8
Calculate the greatest common factor of 98 and 4886.
14
Calculate the greatest common divisor of 7 and 31.
1
What is the greatest common factor of 186 and 11253?
93
What is the highest common factor of 98 and 322?
14
What is the highest common factor of 98 and 182?
14
What is the greatest common divisor of 100 and 8?
4
What is the highest common divisor of 207 and 117?
9
What is the highest common factor of 55 and 44?
11
Calculate the highest common divisor of 48 and 1128.
24
Calculate the greatest common divisor of 6 and 12.
6
Calculate the greatest common divisor of 1025 and 25.
25
What is the greatest common divisor of 752 and 208?
16
Calculate the highest common factor of 104 and 39.
13
What is the highest common factor of 45 and 1791?
9
What is the highest common factor of 11 and 16467?
11
Calculate the highest common factor of 66 and 242.
22
What is the highest common divisor of 335 and 10?
5
Calculate the highest common divisor of 54 and 288.
18
Calculate the highest common divisor of 1176 and 1029.
147
Calculate the highest common factor of 4192 and 131.
131
Calculate the highest common factor of 637 and 1079.
13
What is the greatest common divisor of 83 and 13861?
83
What is the greatest common factor of 540 and 2655?
45
What is the highest common factor of 841 and 29?
29
Calculate the highest common factor of 205 and 164.
41
What is the greatest common factor of 132 and 363?
33
Calculate the greatest common divisor of 8 and 648.
8
Calculate the greatest common factor of 195 and 13104.
39
What is the highest common factor of 1378 and 182?
26
What is the greatest common divisor of 1064 and 133?
133
Calculate the greatest common divisor of 9 and 6.
3
Calculate the highest common divisor of 255 and 435.
15
What is the highest common factor of 18 and 2946?
6
What is the highest common factor of 260 and 52?
52
What is the greatest common factor of 15611 and 67?
67
What is the greatest common factor of 26 and 2106?
26
Calculate the greatest common factor of 9 and 117.
9
What is the greatest common factor of 1395 and 6417?
279
Calculate the highest common divisor of 148 and 4.
4
What is the highest common factor of 15 and 249?
3
Calculate the highest common factor of 61 and 2623.
61
What is the greatest common factor of 123 and 41?
41
Calculate the highest common factor of 498 and 18.
6
Calculate the highest common divisor of 442 and 13.
13
Calculate the highest common factor of 64 and 7232.
64
What is the highest common divisor of 30 and 225?
15
Calculate the greatest common factor of 166 and 67894.
166
Calculate the highest common divisor of 84 and 156.
12
Calculate the greatest common factor of 79 and 12877.
79
Calculate the highest common factor of 1064 and 304.
152
Calculate the highest common factor of 192 and 120.
24
Calculate the highest common factor of 972 and 12.
12
Calculate the greatest common divisor of 909 and 7.
1
What is the highest common factor of 91 and 728?
91
Calculate the highest common divisor of 247 and 798.
19
What is the highest common factor of 1254 and 132?
66
What is the highest common divisor of 284 and 164?
4
What is the highest common divisor of 44 and 2816?
44
What is the greatest common divisor of 1122 and 286?
22
Calculate the greatest common divisor of 16 and 7408.
16
Calculate the greatest common factor of 112218 and 354.
354
Calculate the greatest common factor of 2014 and 106.
106
What is the greatest common divisor of 315 and 10?
5
Calculate the greatest common factor of 4635 and 9.
9
What is the greatest common factor of 45 and 9495?
45
Calculate the greatest common factor of 352 and 44.
44
What is the greatest common factor of 3 and 2844?
3
Calculate the highest common factor of 214 and 28034.
214
Calculate the greatest common divisor of 5551 and 91.
91
What is the greatest common divisor of 192 and 24?
24
Calculate the greatest common factor of 423 and 1611.
9
What is the highest common divisor of 600 and 11300?
100
Calculate the greatest common factor of 10 and 1570.
10
Calculate